17
Let k be (-66)/(-6)*(0 - 1)*(-330)/11. Calculate the greatest common divisor of k and 1254.
66
Suppose -3*w = -3*i, 5*i - 2*i + 3*w - 30 = 0. Suppose 0 = i*v - 3*v + 8. Let z be (-14 + -2)/(v/8). What is the highest common divisor of 64 and z?
32
Suppose -5*w + 303 = z + 29, w + 5*z = 74. Suppose -k + 259 = 7*j, -2*j - 2*j = -2*k - 130. Calculate the highest common factor of w and j.
18
Let o = -5959 + 10986. Calculate the highest common divisor of o and 11.
11
Let g = -652 + 484. Let i = g - -323. What is the highest common factor of i and 31?
31
Suppose u - 7 = -4, -5*u = -3*v + 897. Let s(w) = -w**3 - 13*w**2 - 33*w - 14. Let p be s(-10). Calculate the greatest common divisor of v and p.
16
Let i = 7137 - 7105. What is the greatest common factor of i and 9408?
32
Let p(l) = 17403 + l - 17418 + 0*l. Let u be p(37). Calculate the greatest common divisor of 143 and u.
11
Let h be 319200/(-560)*(144/10)/(-3). Calculate the highest common divisor of h and 38.
38
Let k be (-4)/2 - (-986)/29. Let v be (2/(-6)*-6 - 1)*k. Calculate the highest common factor of v and 176.
16
Let v(x) = -1060*x + 5428. Let r be v(5). What is the greatest common divisor of 2512 and r?
16
Let y = 9 - 3. Suppose 7*w + 18 = y*w. Let g = 25 - w. What is the greatest common factor of g and 344?
43
Let g(a) = a**3 + 6*a**2 - 6*a - 1. Let q be g(-5). Suppose -858 = 517*n - 528*n. Let p = n - q. What is the highest common divisor of p and 60?
12
Let l(n) = 19*n - 84. Let o be l(5). Suppose -w + 2*d - o + 29 = 0, 2*d + 2 = -w. Calculate the highest common divisor of w and 4.
4
Suppose 380*g - 18 = -4*w + 382*g, 3*w = 4*g + 11. Calculate the highest common factor of 3685 and w.
5
Let l = -9 - -16. Let o(s) = 16*s**2 + 2*s + 3. Suppose -i + 0 = -4, -4*f + 4*i = 24. Let d be o(f). Calculate the greatest common divisor of l and d.
7
Let t(u) = 662*u - 3302. Let m be t(5). What is the greatest common factor of 3512 and m?
8
Suppose 2*p + 0 = 84. Let f(v) = -26*v - 16. Let q be f(-4). Suppose 3*l - 214 = -5*z, 5*l = -z + 408 - q. Calculate the highest common factor of p and l.
21
Let l(z) = z**2 - z - 26. Let f be l(-6). Suppose -5*g + f*g = 407. What is the highest common factor of 111 and g?
37
Suppose 5*b + 9*f = 8*f - 86, 3*b + f + 52 = 0. Let g(c) = c**3 + 18*c**2 + 9*c - 36. Let n be g(b). Calculate the greatest common divisor of 60 and n.
20
Let o = 3680 + -3610. Let v(h) be the first derivative of h**4/4 - 5*h**3/3 + 3*h**2 - 2*h - 1. Let a be v(5). Calculate the highest common factor of a and o.
14
Let n = -400 - -580. Suppose -3*u = 2*u - 50. Suppose -126 = 3*x - u*x. Calculate the highest common divisor of n and x.
18
Suppose 3*j - 3*q = -6, -6*j + 6 = -j + 3*q. Suppose j = -8*n - 8*n + 64. What is the greatest common factor of n and 4?
4
Suppose 1833 = 9*r + 1716. What is the greatest common divisor of r and 1534?
13
Let h = -26 + 50. Let k = h - 0. Let x(g) = g**3 - 10*g**2 - 9*g + 38. Let u be x(11). Calculate the highest common divisor of k and u.
12
Let i(j) be the third derivative of -j**6/120 + 19*j**5/30 + 2*j**4 - 11*j**3/6 + 243*j**2. Let u be i(39). Calculate the greatest common divisor of u and 255.
85
Let d = 104 + -90. Let z(k) = -k**3 + 14*k**2 + 14*k + 27. Let o be z(13). What is the highest common divisor of o and d?
14
Suppose 0 = -3*t - 12, 3*b - t - 4*t = 341. Suppose 3*h = 37 + b. What is the greatest common divisor of h and 6?
6
Suppose -4*u + 4*j + 200 = 0, 0 = 4*u + 2*j - j - 175. Let y be 741/26 - (-3)/2. Suppose 4*h - 3*h - y = 0. Calculate the greatest common divisor of u and h.
15
Let u(j) = -159*j + 867. Let b be u(5). Calculate the highest common factor of 7056 and b.
72
Suppose 15*z - 297 + 87 = 0. Let k = -606 - -648. What is the greatest common divisor of z and k?
14
Let k = -383 + 396. Let h(x) = x**3 - 12*x**2 - 15*x + 32. Let r be h(k). Calculate the highest common divisor of 15 and r.
3
Let s(t) = -t**3 - 18*t**2 + 5. Let n be s(-18). Suppose -n*v + 2*v + 95 = -l, -v = 3*l - 15. Let b = 224 - 218. What is the greatest common factor of v and b?
6
Let z(w) = -7*w**3 + 9*w**2 + 8*w. Let y be z(-1). Suppose 4*h - 15 - 1 = 0. Suppose y*s - h*s = 360. Calculate the greatest common divisor of s and 36.
18
Let s = -10943 - -11123. Calculate the highest common divisor of s and 144.
36
Let d = 408 - 129. Suppose 0 = -4*o + 3*w + 145, 0 = 4*o + 224*w - 228*w - 152. What is the highest common factor of o and d?
31
Let u(r) = 87*r - 445. Let b be u(18). Let h = b + -893. Let q(n) = n**2 + n + 12. Let i be q(0). What is the greatest common factor of i and h?
12
Let x be ((-84)/140 - (-261)/10)/((-2)/(-268)). Calculate the highest common factor of x and 804.
201
Let y(r) = 9*r**2 - 9*r + 2. Let l be y(-1). Let j(x) = -7*x + 165. Let w be j(15). What is the greatest common factor of w and l?
20
Let l = 258 + -181. Suppose -941 = -3*i - l. What is the highest common divisor of i and 216?
72
Suppose b + 38*z - 1260 = 34*z, -b + 2*z + 1296 = 0. Calculate the highest common divisor of 12 and b.
12
Suppose -24*c + 12*c + 7776 = 0. Suppose 46*q - c = 1008. What is the highest common factor of 81 and q?
9
Suppose -10*l + 5*l - 20 = 0. Suppose 5*d + 1 - 11 = 0. Let h be (d/l)/((-9)/144). What is the greatest common factor of h and 40?
8
Let g(i) = 543*i**2 + 38*i + 79. Let k be g(-2). Calculate the greatest common factor of k and 1275.
75
Let d(g) = -g**2 + g + 14. Let t be d(6). Let x be 1252/32 - (-2)/t. Suppose -9 = -2*o + x. What is the highest common factor of 32 and o?
8
Let h be (-3)/4 - 29141/(-92). Calculate the highest common factor of h and 16.
4
Let p(q) be the second derivative of q**3/3 - 29*q**2/2 + 6*q. Let a be p(15). Let l be ((-528)/64)/(a/(-4)). Calculate the highest common factor of l and 11.
11
Let f(n) = -9*n + 373. Let o be f(41). Let u be 27/(-18) - (-1 - 138/o). Let b(t) = t**2 + 272. Let h be b(0). Calculate the highest common factor of h and u.
34
Let x be ((-6)/24*14)/((-7)/210). Suppose 35 = 3*k - 10. What is the highest common divisor of x and k?
15
Let v = -351 - -476. Let o be 50/v - 396/(-10). Calculate the greatest common divisor of o and 520.
40
Suppose -4*o - 108 = -4*c, 0 = c - 0*o + 3*o - 31. Suppose 5*u - 14 = -4. Let r be u/3 - (-114)/18. What is the greatest common factor of r and c?
7
Suppose -q + 28005 = 5*g, -3*g = q - 8723 - 8082. Calculate the greatest common factor of 100 and g.
100
Let p = -21 + 25. Suppose 5*q = p*q + 2. Suppose -q*i + 42 = -3*r, 3*i - r = -6*r + 63. Calculate the highest common divisor of 168 and i.
21
Suppose 85*w - 286 = 16398 + 1421. What is the greatest common divisor of w and 2272?
71
Let u(x) = -10*x**2 - 14*x - 7*x**2 - 10*x**2 + 28*x**2 - 35. Let f be u(17). What is the greatest common divisor of f and 28?
4
Suppose 3*m - 4467 = -2*f, 2*f = -33*m + 35*m - 2958. Calculate the highest common factor of m and 54.
27
Let m = -33 - -30. Let g be m - -22*(-2)/(-4). Let z be ((-40)/7 + 0)/((-90)/315). What is the highest common divisor of g and z?
4
Let g = 75 - 69. Suppose 0 = -2*q + g, -6*q + q - 65 = -5*a. What is the greatest common divisor of a and 400?
16
Suppose 2 = 2*c, 3*g + 0*g = 2*c - 11. Let h be ((-10)/g)/(16/48). Suppose -1232 = h*o - 18*o. What is the highest common divisor of o and 14?
14
Let l(v) = v**2 + 26*v + 74. Let k be 22/(-33)*18/4 - -96. Let p = k + -116. Let o be l(p). Calculate the highest common divisor of o and 1.
1
Suppose -4*u + 4910 = 2*t - 1184, u - 1528 = t. What is the highest common factor of 50 and u?
25
Let l(x) = 10*x**2 + 5*x - 6. Let j be l(1). Suppose j*n - n + 16 = 0. Let z be (45 + n - -3)*4. Calculate the greatest common factor of 23 and z.
23
Let c(j) = -12*j**2 + 10*j + 12. Let k be c(9). Let a be (-3)/6 - 1 - k/20. Suppose 13*w - a = 10*w. Calculate the highest common factor of 14 and w.
14
Suppose -52212 - 19219 = -79*i + 2671. Calculate the highest common divisor of i and 871.
67
Let a be (2 - 24/9)/((-6)/153). Let m = a + -25. Let c be 26 - (2/m + 2/8). Calculate the greatest common factor of 2 and c.
2
Suppose 868*g + 450 = 878*g. What is the greatest common factor of 99 and g?
9
Suppose -4*b - 954 = -10*b. Let c be 1/(-4) - (b/(-12) - 2). Let j be 80/(-15)*(c/2)/(-5). What is the highest common factor of j and 56?
8
Let z = 14786 + -